or of 18766 and 66.
22
Calculate the highest common divisor of 27 and 675.
27
What is the highest common factor of 20 and 30?
10
Calculate the highest common factor of 66667 and 409.
409
What is the highest common factor of 7 and 84336?
7
Calculate the greatest common factor of 48 and 2064.
48
What is the highest common factor of 31 and 2139?
31
What is the greatest common factor of 52 and 390?
26
What is the highest common divisor of 408 and 153?
51
What is the greatest common divisor of 8 and 184?
8
Calculate the highest common divisor of 918 and 34.
34
What is the greatest common factor of 158 and 79?
79
Calculate the highest common divisor of 93 and 9393.
93
Calculate the greatest common divisor of 20 and 40.
20
What is the greatest common factor of 817 and 152?
19
Calculate the greatest common factor of 1863 and 46.
23
What is the highest common factor of 31 and 341?
31
Calculate the greatest common divisor of 3 and 249.
3
Calculate the highest common factor of 28178 and 772.
386
Calculate the greatest common divisor of 32 and 144.
16
What is the highest common factor of 19095 and 285?
285
What is the greatest common divisor of 8352 and 6?
6
Calculate the greatest common factor of 421 and 71149.
421
What is the highest common factor of 594 and 9702?
198
What is the highest common divisor of 140 and 8?
4
What is the highest common divisor of 3584 and 7?
7
What is the greatest common factor of 40 and 650?
10
What is the greatest common divisor of 615 and 15?
15
What is the highest common factor of 391 and 17?
17
Calculate the greatest common divisor of 126 and 224.
14
What is the highest common factor of 40 and 1520?
40
What is the highest common factor of 407 and 132?
11
What is the highest common factor of 21663 and 87?
87
Calculate the greatest common factor of 189 and 105.
21
What is the highest common factor of 2106 and 162?
162
Calculate the highest common factor of 21 and 63.
21
Calculate the highest common factor of 168 and 49.
7
Calculate the highest common divisor of 75 and 1215.
15
What is the highest common divisor of 1029 and 105?
21
What is the highest common divisor of 65 and 5?
5
Calculate the greatest common factor of 154 and 1463.
77
What is the highest common factor of 7528 and 40?
8
What is the highest common factor of 6 and 258?
6
Calculate the highest common divisor of 20 and 2260.
20
Calculate the greatest common factor of 30413 and 17.
17
What is the greatest common divisor of 177 and 3?
3
What is the greatest common divisor of 24 and 24612?
12
Calculate the greatest common divisor of 10890 and 66.
66
Calculate the highest common divisor of 13 and 2821.
13
What is the greatest common factor of 3502 and 206?
206
What is the greatest common divisor of 200 and 18320?
40
What is the greatest common divisor of 15276 and 684?
228
What is the greatest common divisor of 122 and 1342?
122
What is the greatest common factor of 36 and 9360?
36
What is the highest common factor of 4 and 6528?
4
Calculate the highest common divisor of 1260 and 525.
105
What is the greatest common divisor of 8802 and 72?
18
Calculate the highest common divisor of 384 and 48.
48
What is the highest common factor of 12 and 12?
12
What is the greatest common factor of 83 and 1328?
83
Calculate the greatest common divisor of 110 and 44.
22
Calculate the greatest common factor of 442 and 4706.
26
Calculate the greatest common divisor of 4237 and 19.
19
What is the highest common divisor of 26 and 1586?
26
What is the highest common factor of 5 and 80?
5
Calculate the highest common factor of 18 and 222.
6
What is the greatest common divisor of 468 and 3120?
156
What is the highest common factor of 13 and 1287?
13
Calculate the greatest common divisor of 54 and 864.
54
What is the greatest common divisor of 1258 and 51?
17
What is the highest common factor of 5 and 310?
5
What is the highest common divisor of 73 and 1387?
73
What is the greatest common factor of 26 and 1534?
26
Calculate the greatest common divisor of 44 and 21956.
44
Calculate the highest common divisor of 105 and 35.
35
What is the greatest common factor of 42 and 78?
6
Calculate the highest common divisor of 52 and 234.
26
Calculate the highest common divisor of 63 and 1029.
21
What is the highest common factor of 60 and 48?
12
What is the greatest common factor of 18 and 18?
18
Calculate the greatest common factor of 3068 and 364.
52
Calculate the greatest common divisor of 58 and 4.
2
Calculate the greatest common divisor of 329 and 2914.
47
What is the greatest common divisor of 90 and 250?
10
Calculate the greatest common divisor of 31787 and 133.
133
What is the highest common divisor of 132 and 726?
66
What is the highest common factor of 81 and 72?
9
What is the highest common divisor of 1515 and 30?
15
Calculate the greatest common factor of 22 and 22.
22
Calculate the greatest common factor of 264 and 638.
22
Calculate the greatest common factor of 8075 and 153.
17
Calculate the highest common divisor of 50 and 25.
25
What is the highest common divisor of 104 and 156?
52
Calculate the greatest common factor of 29 and 464.
29
Calculate the highest common factor of 34 and 1054.
34
Calculate the highest common divisor of 8 and 164.
4
Calculate the greatest common divisor of 123 and 984.
123
Calculate the greatest common divisor of 18 and 3006.
18
Calculate the greatest common factor of 99 and 88.
11
What is the highest common factor of 658 and 3?
1
What is the highest common factor of 4 and 908?
4
Calculate the greatest common factor of 486 and 90.
18
What is the greatest common factor of 22 and 715?
11
What is the greatest common factor of 252 and 24?
12
What is the greatest common factor of 14 and 686?
14
Calculate the greatest common factor of 224 and 182.
14
Calculate the greatest common divisor of 320 and 10.
10
What is the highest common divisor of 2460 and 205?
205
Calculate the greatest common divisor of 6444 and 12.
12
Calculate the greatest common factor of 6 and 11631.
3
Calculate the greatest common divisor of 70 and 3010.
70
Calculate the greatest common factor of 64 and 336.
16
Calculate the greatest common factor of 533 and 13.
13
Calculate the greatest common divisor of 45 and 86850.
45
What is the highest common divisor of 306 and 204?
102
What is the highest common factor of 1144 and 176?
88
What is the greatest common factor of 442 and 26?
26
What is the highest common factor of 60625 and 97?
97
Calculate the greatest common factor of 18 and 72.
18
What is the highest common divisor of 132 and 891?
33
What is the highest common divisor of 225 and 3960?
45
What is the greatest common divisor of 192 and 36?
12
Calculate the greatest common divisor of 8 and 22504.
8
What is the highest common divisor of 12 and 156?
12
What is the highest common factor of 10 and 160?
10
Calculate the greatest common factor of 1027 and 79.
79
Calculate the highest common divisor of 40 and 490.
10
Calculate the greatest common factor of 231 and 1056.
33
Calculate the highest common divisor of 64 and 8.
8
What is the highest common factor of 171 and 5244?
57
Calculate the greatest common divisor of 594 and 22.
22
What is the greatest common divisor of 52 and 13?
13
What is the greatest common divisor of 12558 and 168?
42
Calculate the highest common factor of 2599 and 46.
23
What is the greatest common factor of 3393 and 1404?
117
What is the greatest common divisor of 1378 and 106?
106
What is the highest common divisor of 92 and 46?
46
What is the greatest common divisor of 88 and 16?
8
What is the highest common factor of 22 and 3707?
11
What is the greatest common factor of 232 and 64?
8
What is the highest common factor of 1395 and 45?
45
What is the highest common factor of 323 and 17?
17
Calculate the highest common divisor of 52 and 143.
13
What is the highest common divisor of 900 and 72?
36
What is the highest common factor of 1128 and 24?
24
What is the highest common divisor of 2682 and 18?
18
Calculate the greatest common factor of 1456 and 624.
208
Calculate the greatest common divisor of 136 and 28.
4
What is the highest common factor of 68 and 221?
17
What is the highest common factor of 45 and 3465?
45
Calculate the greatest common divisor of 8 and 16.
8
What i